3) to base 6.
-234130130
What is -33013 (base 4) in base 11?
-7aa
Convert -1410b3 (base 14) to base 7.
-5621313
What is -213202130 (base 4) in base 6?
-3245432
2120120303 (base 4) to base 7
5206523
-10000100000010001000100 (base 2) to base 10
-4326468
What is -45461 (base 7) in base 3?
-120212002
Convert 117663 (base 10) to base 5.
12231123
Convert 112533225 (base 7) to base 9.
14011003
111323101 (base 6) to base 16
1f04ad
What is -242340223 (base 5) in base 16?
-11592a
-33a94 (base 13) to base 14
-26405
What is -11130305 (base 6) in base 13?
-bb025
Convert -3b257 (base 12) to base 11.
-56316
What is -11121330220 (base 4) in base 5?
-330321000
What is 200001130230 (base 4) in base 2?
100000000001011100101100
Convert -2353654 (base 7) to base 6.
-10224354
Convert 12201410 (base 5) to base 7.
661525
2167554 (base 9) to base 11
727747
-63171135 (base 8) to base 3
-221021101101212
Convert -99c7b (base 16) to base 5.
-130124013
Convert -113101511 (base 6) to base 15.
-2b9784
4235406 (base 8) to base 13
306ca3
What is -1445041 (base 6) in base 2?
-10100100001010001
What is 1561747 (base 10) in base 9?
2840274
-11024421 (base 5) to base 3
-11212011011
What is 474028 (base 10) in base 4?
1303232230
What is 4b769 (base 15) in base 5?
30210144
What is 2100002121 (base 3) in base 5?
2432442
Convert 2c2b4c (base 13) to base 3.
2001110102221
Convert -100211220220102 (base 3) to base 12.
-1905032
What is -3551314 (base 7) in base 9?
-754521
Convert 2368588 (base 13) to base 15.
e66981
Convert 49581b (base 13) to base 14.
3395d4
What is -203120023112 (base 4) in base 6?
-530435302
Convert -10010001010101101011 (base 2) to base 8.
-2212553
What is -2260515 (base 9) in base 3?
-2022000120112
Convert -5531173 (base 10) to base 7.
-65004604
What is -7a1536 (base 15) in base 10?
-5826426
What is -2623 (base 16) in base 13?
-45a0
What is 247030 (base 14) in base 2?
100110000110100110010
What is -1002002011321 (base 4) in base 12?
-59694a1
10811516 (base 9) to base 8
24047337
What is -15877100 (base 10) in base 6?
-1324145032
Convert -1456633 (base 7) to base 16.
-30a5a
Convert 1030333030 (base 4) to base 7.
2452234
-2342600 (base 8) to base 15
-c9b24
What is 99246 (base 13) in base 15?
57213
-1301344321 (base 5) to base 16
-301cbe
What is 1288022 (base 10) in base 14?
257578
Convert -13b170 (base 13) to base 9.
-813322
What is -221122112120 (base 3) in base 6?
-14453153
198430 (base 10) to base 9
332167
Convert db12dd (base 15) to base 6.
1011335531
What is -12320333111 (base 4) in base 8?
-6707725
What is 1169a (base 14) in base 2?
1010010111101000
Convert -15030105 (base 6) to base 8.
-1762031
What is 10228012 (base 10) in base 13?
21715a2
-1111222011001 (base 3) to base 13
-223066
What is 2011100021 (base 3) in base 6?
524524
-21210122011 (base 3) to base 4
-211133101
Convert 20022220112 (base 3) to base 6.
2400452
What is -30497 (base 16) in base 5?
-22312113
-90d (base 16) to base 12
-1411
Convert 13155 (base 7) to base 13.
17a9
-300400321 (base 5) to base 13
-326185
Convert 20c98 (base 13) to base 10.
59275
What is -32611 (base 13) in base 6?
-1541441
What is 13100310300 (base 4) in base 10?
1903920
-2a4813 (base 13) to base 7
-11553160
Convert 2401433 (base 5) to base 4.
22233121
b1bc7 (base 14) to base 6
13055511
313400314 (base 6) to base 10
5489974
-10010010011101110000 (base 2) to base 6
-20505224
Convert 1112220121011 (base 3) to base 14.
1768bd
21154153 (base 7) to base 3
10101012021201
Convert 123221131 (base 7) to base 3.
112200110121121
What is 20340111 (base 5) in base 2?
101001000011011100
-493225 (base 10) to base 11
-307627
What is 30242417 (base 8) in base 4?
120110110033
18564 (base 13) to base 8
133730
99a (base 11) to base 5
14243
Convert -2126601 (base 7) to base 11.
-167871
What is 1011000111100010000 (base 2) in base 13?
c9a85
Convert 10011101111001011 (base 2) to base 14.
21667
-4340462 (base 7) to base 8
-2014655
-228278 (base 13) to base 16
-c7a39
100020102101 (base 3) to base 9
306371
-111001110010111010000 (base 2) to base 5
-441100330
What is 1010110010001000111 (base 2) in base 10?
353351
Convert -15552151 (base 6) to base 3.
-1001101220111
Convert 11413312 (base 6) to base 11.
226321
Convert -cd6a6 (base 16) to base 12.
-346ab2
Convert -477d2 (base 14) to base 5.
-21040203
What is -1581a (base 16) in base 2?
-10101100000011010
What is 129229b (base 14) in base 3?
121212001121201
320203300 (base 5) to base 7
14226422
Convert dcee5 (base 15) to base 5.
134430430
Convert 20101012210022 (base 3) to base 8.
14734400
Convert -245835 (base 10) to base 16.
-3c04b
-512545231 (base 6) to base 3
-121120221001101
1202020 (base 3) to base 11
a5a
Convert -1210102011220 (base 3) to base 7.
-11046144
Convert 101011011000111000 (base 2) to base 4.
223120320
-1022310023 (base 4) to base 12
-12940b
Convert -1f92b9 (base 16) to base 15.
-2ad152
-312210030 (base 4) to base 11
-142a12
Convert -25a9200 (base 11) to base 3.
-22110222110020
What is 122054 (base 6) in base 13?
4c15
What is -10001011010011101001111 (base 2) in base 4?
-101122131033
Convert -200201020001 (base 3) to base 16.
-59eb4
What is b7db4 (base 15) in base 7?
4650304
Convert -1879a81 (base 11) to base 16.
-307536
576e (base 15) to base 13
85a3
What is -3301385 (base 9) in base 8?
-6605747
3661153 (base 7) to base 14
c2ad3
Convert 15434320 (base 7) to base 9.
2716727
-212112010121 (base 3) to base 6
-13531324
-10110010001000011110 (base 2) to base 14
-14dc86
What is 1117817 (base 12) in base 13?
8a5b18
Convert -217428 (base 9) to base 5.
-13130422
What is 4424764 (base 8) in base 15?
187a93
Convert 52249 (base 10) to base 3.
2122200011
Convert 220101211002222 (base 3) to base 14.
1a17ac4
Convert 2053013 (base 6) to base 4.
120201201
What is 722476 (base 10) in base 15?
e4101
-8d4db (base 16) to base 10
-578779
What is 24445143 (base 6) in base 2?
10111111011000110111
-3004501 (base 9) to base 5
-402111040
Convert -a16120 (base 11) to base 13.
-45254c
What is 25a34c (base 14) in base 10?
1295824
What is -2151663 (base 7) in base 8?
-1005130
What is -100110110001011000 (base 2) in base 12?
-77aa0
What is 41301214 (base 5) in base 15?
6a0c4
What is -2a0643 (base 13) in base 5?
-230414030
Convert 12452351 (base 6) to base 2.
1100100011100001011
What is -13779a (base 11) in base 5?
-23341442
Convert 453135 (base 8) to base 11.
a50a6
-1479534 (base 14) to base 10
-9975466
Convert 2343b (base 13) to base 4.
33232313
25145245 (base 6) to base 7
6601424
What is -452123 (base 6) in base 11?
-26667
Convert -2b9925 (base 14) to base 15.
-201b7c
-2b75c (base 13) to base 14
-22125
Convert -915aa1 (base 15) to base 12.
-238b644
Convert -36616a (base 14) to base 15.
-26b4d2
-133021021 (base 4) to base 2
-11111001001001001
What is 1020202 (base 8) in base 16?
42082
What is -46331 (base 8) in base 11?
-13865
Convert 63c0a (base 14) to base 15.
4b67a
Convert 4b419a (base 14) to base 10.
2585180
Convert -745aca (base 15) to base 14.
-a42036
155e5b (base 15) to base 8
3740643
20001000200 (base 3) to base 9
201020
-1f5277 (base 16) to base 4
-13311021313
-1c14a (base 14) to base 4
-101132312
Convert -12040501 (base 6) to base 7.
-3134554
Convert -a831 (base 15) to base 4.
-20230030
What is -50c09 (base 13) in base 11?
-99905
What is 129962 (base 12) in base 13?
a9aba
What is 12110244 (base 5) in base 6?
2232023
Convert 804796 (base 10) to base 8.
3043674
Convert 10012120122121 (base 3) to base 12.
6a2244
What is a27c20 (base 14) in base 13?
1199a37
-303753 (base 8) to base 6
-2052255
What is 3221303023 (base 4) in base 6?
32305311
Convert -39cb98 (base 15) to base 9.
-5202128
-bc6c51 (base 14) to base 11
-3679404
Convert 3878838 (base 11) to base 8.
31477463
11201000120012 (base 3) to base 6
125330435
Convert -1537a (base 16) to base 14.
-23958
Convert -548320 (base 11) to base 14.
-18ab76
What is -625ec (base 15) in base 3?
-120211202220
What is 102010211112 (base 3) in base 10?
219308
-110022200021 (base 3) to base 4
-323031121
What is -6448092 (base 10) in base 6?
-350112140
What is d4c9 (base 14) in base 4?
20330121
Convert -31565623 (base 7) to base 15.
-3819ea
100837 (base 10) to base 14
28a69
Convert -28b369 (base 12) to base 5.
-133324243
-9810689 (base 10) to base 4
-211123030001
What is 2221